t of s?
0
Suppose -2719*j = -2720*j + 645. Suppose -35 - 35 = 5*b. What is the tens digit of (-3)/((-18)/j) + 7/b?
0
Let r(h) = -2*h**2 - 10*h - 3. Let v be r(-4). Suppose -v*l - 120 = -4*i - 16, -3*i + 4*l = -78. Suppose -31*u + i*u = -460. What is the tens digit of u?
9
Let f = -81871 + 168978. What is the thousands digit of f?
7
Suppose -358 = i + 3*y + 1347, 3*i - y + 5165 = 0. Let u = -743 - i. What is the hundreds digit of u?
9
Suppose 10*d - 130214 - 6277 = -5221. What is the tens digit of d?
2
Let d(k) = 52*k**3 + 6*k**2 + 24*k - 76. What is the thousands digit of d(3)?
1
Let c(d) be the first derivative of 25/3*d**3 + 3/2*d**2 + 3 + 2*d. What is the units digit of c(-3)?
8
Let x be ((-204)/8)/(6/(-136)). Suppose 4*v - 134 = -a, 4*a + 2*v - x = -0*v. Suppose -4*p - 2*f + a = p, -p + 19 = -3*f. What is the tens digit of p?
2
Let q be (-29354)/(-13)*-1*1/2. Let b = -597 - q. What is the hundreds digit of b?
5
Suppose 1 = -2*l + 3*l. Let i(y) = -60*y - 2. Let t(v) = -v. Let k(g) = l*i(g) + 6*t(g). What is the units digit of k(-4)?
2
Let t = -38991 - -60633. What is the ten thousands digit of t?
2
Suppose 2 = l, -4*c + 12*l - 11*l = -186314. What is the tens digit of c?
7
Let h = 97 - 46. Let y be 68/h*(-9)/(-4). Suppose y*p + 3*p - 78 = 0. What is the units digit of p?
3
Suppose 95 = 5*r + 5*u, 3*r - 3*u - 69 = -r. Let o(n) = n**3 - 16*n**2 - 16*n - 36. What is the units digit of o(r)?
4
Let r(o) = -64*o + 16. Suppose 5*s + 1 = -2*c - 16, -c + 24 = -4*s. Let i be r(s). Suppose -257 = -5*n - 2*m + i, -2*m = 2. What is the units digit of n?
9
Let s(z) = -13*z**2 + 6*z - 26. Let x be s(-8). What is the units digit of x/12*(4 - (5 - -1))?
1
Let c(y) = 3*y - 39. Let h(r) = 3*r - 38. Let p(t) = 3*c(t) - 4*h(t). Let g be p(9). What is the units digit of ((-332)/g)/((-2)/4)?
3
Let m = 8896 + -6507. What is the units digit of m?
9
Let h(y) = y**2 + 8*y. Let j be h(-7). Let i(t) = -2*t**3 - 4*t**2 - 3*t + 14. What is the tens digit of i(j)?
2
Suppose 16*r - 97143 - 27497 = 0. What is the tens digit of r?
9
Let p be 2/11 + (-387)/11 + 4. Suppose -5*o - 690 = -5*x, -3*o + 37 = 3*x - 347. Let h = x + p. What is the hundreds digit of h?
1
Let k = -83 - -236. Let j be (391/(-34))/((-1)/6). Suppose -p + j = -k. What is the hundreds digit of p?
2
Suppose 142 = 4*q + 5*h, 0 = -0*q - 4*q + 4*h + 124. Suppose q*u = -u + 8092. What is the hundreds digit of u?
2
Suppose -9*t + 8922 = -11544. What is the hundreds digit of t?
2
What is the tens digit of ((-14)/(-6) - 2)/(142/3202242)?
1
Suppose 0 = -4*f - 19 + 67. Let v = f - 14. Let h(s) = -12*s**3 + s**2 - 2*s - 2. What is the tens digit of h(v)?
0
Let r(z) = z**2 - 3*z + 14. Let v(d) = 3*d**2 - 9*d + 42. Let c(y) = -11*r(y) + 4*v(y). Let w be c(5). Let u = w - -20. What is the units digit of u?
4
Let f = 847 + -686. What is the units digit of f?
1
Suppose 5*t - 9 + 0 = -3*p, 0 = -4*p + 12. Suppose -g - 7 + 9 = t. Suppose 4*v + g*q = 462, 2*q - 230 = -0*v - 2*v. What is the tens digit of v?
1
Suppose -30549 = -x - 4*i, 4*x + 3*i - 55954 - 66164 = 0. What is the tens digit of x?
2
Let p = 5588 - -2560. What is the thousands digit of p?
8
Let z = 102920 - 66044. What is the units digit of z?
6
Let y = 108 + -88. What is the hundreds digit of ((-35)/y)/(2/(-264))?
2
Suppose -48 = -2*b - 2*b. Suppose 8*r - 4*r - b = 0. Suppose 0 = -3*v - r*z + 270, 8*v = 3*v + z + 438. What is the tens digit of v?
8
Let p = 5 - -8. Suppose -p*s + 4*s = -450. Suppose f - 90 = s. What is the tens digit of f?
4
Suppose -77*y + 255120 = -8*y - 9*y. What is the hundreds digit of y?
2
Let j(l) = l**3 - 9*l**2 - 19*l - 21. Let k be j(11). What is the units digit of ((-2739)/66)/((-2)/k)?
9
Let h = 156 - 165. Let w(m) = -30*m - 92. What is the units digit of w(h)?
8
Suppose -6*s + 3*s = 3*t - 3, t + 4*s + 2 = 0. Suppose n = -n + t*r, -3*n = 3*r - 30. What is the tens digit of 2*-201*n/(-30)?
6
Suppose -19 = q - 6. Let a(d) = d**3 + 15*d**2 + 7*d - 8. What is the tens digit of a(q)?
3
Let v(m) = 15945*m**2 - 4*m - 3. What is the tens digit of v(-2)?
8
Suppose 12*k - 11*k - 978 = 0. What is the units digit of (-12)/18 + k/9?
8
Let f = 1522 + -1022. Let q = f + 559. What is the units digit of q?
9
What is the ten thousands digit of ((-8)/((-128)/(-336)))/(3/(-1597))?
1
Let c = 50 - 48. Let j(n) = 5*n - 10. Let z be j(c). Suppose -4*o - u + 121 = -657, z = o - u - 197. What is the units digit of o?
5
Suppose 14963 = 5*y + h, 0 = 4*y + h - 9179 - 2791. What is the thousands digit of y?
2
Let l(d) = d**2 + 2*d + 4. Suppose 2*t - 160 = 6*t - 2*j, 40 = -t + 5*j. Let w = t - -31. What is the tens digit of l(w)?
6
Let x(o) = o**2 - o - 6. Let n be x(-6). Let m = 307 - 216. Let l = m + n. What is the tens digit of l?
2
Suppose -120*u = -62*u - 61*u + 166143. What is the tens digit of u?
8
Let d = 4498 - 2229. What is the hundreds digit of d?
2
Let r(d) = -d**3 + 33*d**2 + 93*d - 320. What is the tens digit of r(34)?
8
Suppose -q + 23329 = 3*k, 0 = -5*k - 16*q + 15*q + 38883. What is the hundreds digit of k?
7
Suppose 100*z + 367510 = 2945710. What is the units digit of z?
2
Suppose -9*g = -5*g + 144. Suppose -4*u - 11 + 3 = 0, -3*n + 3*u + 186 = 0. Let q = g + n. What is the tens digit of q?
2
Suppose i = -u - 1014, 2*u - 4*i + 1005 = -1005. Let f = -270 - u. What is the units digit of 8/(-6) + f/9?
1
What is the thousands digit of (18/(-2)*1)/(19/(-89642)*21)?
2
Let s(m) = 6*m**2 + 2*m**3 + 5 - 13 - 3*m**3. Let l(g) = g**2 - g. Let f(c) = 3*l(c) + s(c). What is the units digit of f(7)?
9
What is the thousands digit of 8545 + ((-10)/(-10))/((-3)/(-6))?
8
Let c(t) = -2*t + 11. Suppose 0*x + 28 = 4*h + 5*x, 0 = 4*h + 3*x - 20. Let b be c(h). Let q = 12 - b. What is the units digit of q?
5
Let i = 4574 - -11395. What is the tens digit of i?
6
Suppose 3*z = -o + 14, 9 = z - 4*o - 0. Suppose -15 = -z*f, 0 = 4*j - 3*f - 591 - 364. What is the hundreds digit of j?
2
Let u(x) be the second derivative of -x**3/6 + 43*x**2/2 - 12*x. Let h(o) = o + 9. Let f be h(-4). What is the units digit of u(f)?
8
Let p be (188/(-6))/((-24)/(-36)). Let x = p + 39. What is the tens digit of -345*x/(-6)*5/(-10)?
3
Let g = 42 + -263. Let j = g - -433. What is the hundreds digit of j?
2
Suppose -2020 = -16*z + 7756. Let d = -398 + z. What is the units digit of d?
3
Let h(k) = -129*k + 249. Let a(r) = -42*r + 83. Let y(t) = 11*a(t) - 4*h(t). What is the units digit of y(10)?
7
Let i = 5161 + 697. What is the tens digit of i?
5
Suppose 5*n = 3*n. Suppose n = 3*c - 5*c + 6, -2*i - c = -1109. What is the units digit of i?
3
Suppose 0 = c + 4*a + 19, -3*c - 34 = 5*a - 12. What is the hundreds digit of 329*c + (-8)/(-2)?
3
Let t(b) = 792*b - 81. Let h be t(12). Suppose -30*l = -17277 - h. What is the units digit of l?
0
Let c be (-24)/28*(-56)/12. Suppose c*x + 587 = 79. Let y = -23 - x. What is the units digit of y?
4
Suppose 0 = -49*h + 54*h + 5. What is the tens digit of -2 - 251/h - 5 - 3?
4
Let a(t) = 3*t**2 + 10*t + 12. Suppose -4*g + 99 = 5*g. Let l = 6 - g. What is the units digit of a(l)?
7
Let d = 10618 + -1737. What is the tens digit of d?
8
Suppose 6124*f - 6116*f - 6784 = 0. What is the units digit of f?
8
Suppose 0 = d - 2*n, -8*d + 11*d + n = 28. What is the units digit of (5 + 62/(-4))/((-2)/d)?
2
Suppose -43*w + 130*w - 362790 = 0. What is the units digit of w?
0
What is the ten thousands digit of 29415015/2025 - 1/(-15)?
1
Let m = 23970 + -10426. What is the hundreds digit of m?
5
What is the units digit of 3221 + 59 + (6 - (-1 + 2))?
5
Suppose l - 3*l = -18. Let w(i) = 2*i - 13. Let o be w(l). What is the units digit of (-71*4)/(-2) + o?
7
Let p = -47 + 83. Let y = p - -12. Suppose 5*w = -t + 60, 2*w - 27 = -t + y. What is the tens digit of t?
8
Suppose 14*p = 20*p - 18690. What is the hundreds digit of 1/(21/p) - 8/6?
1
Let n(k) = -15*k**2 - 1786*k + 74. What is the tens digit of n(-46)?
9
What is the thousands digit of (6015/(-12))/1*14112/(-420)?
6
Suppose 21623 = 131*i - 31*i - 15677. What is the hundreds digit of i?
3
Let x be 4 - ((-6)/4 + (-203)/2). Suppose 0 = 3*d - 8 + x. Let h = 53 + d. What is the tens digit of h?
2
Let s = -25 + 45. Let a be (s/6)/(8/(-60)*-5). Suppose a*z = 128 + 217. What is the tens digit of z?
6
Suppose y - 5*q = -2*y + 13007,